{"id":675,"date":"2022-08-25T05:54:02","date_gmt":"2022-08-25T05:54:02","guid":{"rendered":"http:\/\/web.testzone.ovh\/?page_id=675"},"modified":"2023-04-17T23:04:08","modified_gmt":"2023-04-17T23:04:08","slug":"profesionales-invitados-2014-15","status":"publish","type":"page","link":"https:\/\/www.bbaa.uma.es\/master\/profesionales-invitados-2014-15\/","title":{"rendered":"Profesionales Invitados 2014\/15"},"content":{"rendered":"\n<style type=\"text\/css\" data-created_by=\"avia_inline_auto\" id=\"style-css-av-27oyxf-5c371da3051d4377617fc670e169df29\">\n.avia-section.av-27oyxf-5c371da3051d4377617fc670e169df29 .av-parallax .av-parallax-inner{\nbackground-repeat:no-repeat;\nbackground-image:url(https:\/\/www.bbaa.uma.es\/master\/wp-content\/uploads\/2022\/08\/cabecera-full-1600x350-1.jpg);\nbackground-position:50% 0%;\nbackground-attachment:scroll;\n}\n.avia-section.av-27oyxf-5c371da3051d4377617fc670e169df29 .av-section-color-overlay{\nopacity:0.4;\nbackground-color:#eaeaea;\n}\n<\/style>\n<div id='av_section_1'  class='avia-section av-27oyxf-5c371da3051d4377617fc670e169df29 main_color avia-section-no-padding avia-no-border-styling  avia-builder-el-0  el_before_av_section  avia-builder-el-first  avia-full-contain av-parallax-section avia-bg-style-parallax av-section-color-overlay-active av-minimum-height av-minimum-height-custom av-height-custom  container_wrap sidebar_right'  data-section-bg-repeat='contain' data-av_minimum_height_px='220'><div class='av-parallax' data-avia-parallax-ratio='0.3' ><div class='av-parallax-inner main_color avia-full-contain'><\/div><\/div><div class=\"av-section-color-overlay-wrap\"><div class=\"av-section-color-overlay\"><\/div><div class='container av-section-cont-open' style='height:220px'><main  role=\"main\" itemprop=\"mainContentOfPage\"  class='template-page content  av-content-small alpha units'><div class='post-entry post-entry-type-page post-entry-675'><div class='entry-content-wrapper clearfix'>\n\n<style type=\"text\/css\" data-created_by=\"avia_inline_auto\" id=\"style-css-av-l78mje67-15076a9429d971f726e28860e16b6a73\">\n#top .av-special-heading.av-l78mje67-15076a9429d971f726e28860e16b6a73{\npadding-bottom:10px;\n}\nbody .av-special-heading.av-l78mje67-15076a9429d971f726e28860e16b6a73 .av-special-heading-tag .heading-char{\nfont-size:25px;\n}\n.av-special-heading.av-l78mje67-15076a9429d971f726e28860e16b6a73 .av-subheading{\nfont-size:15px;\n}\n<\/style>\n<div  class='av-special-heading av-l78mje67-15076a9429d971f726e28860e16b6a73 av-special-heading-h2  avia-builder-el-1  el_before_av_textblock  avia-builder-el-first '><h2 class='av-special-heading-tag '  itemprop=\"headline\"  >Profesionales Invitados 2014\/15<\/h2><div class=\"special-heading-border\"><div class=\"special-heading-inner-border\"><\/div><\/div><\/div>\n<section  class='av_textblock_section av-21jh5v-0b4df6729ba5c8c08682ac045717723a '   itemscope=\"itemscope\" itemtype=\"https:\/\/schema.org\/CreativeWork\" ><div class='avia_textblock'  itemprop=\"text\" ><p><span style=\"background-color: white !important; color: black; font-weight: 200; padding: 4px 6px;\">Profesionalizaci\u00f3n del Arte<\/span><\/p>\n<\/div><\/section>\n\n<\/div><\/div><\/main><!-- close content main element --><\/div><\/div><\/div><div id='av_section_2'  class='avia-section av-1veyw3-b6776ec83084e50799a9dff42caa41b6 main_color avia-section-large avia-no-border-styling  avia-builder-el-3  el_after_av_section  el_before_av_section  avia-bg-style-scroll container_wrap sidebar_right'  ><div class='container av-section-cont-open' ><div class='template-page content  av-content-small alpha units'><div class='post-entry post-entry-type-page post-entry-675'><div class='entry-content-wrapper clearfix'>\n\n<style type=\"text\/css\" data-created_by=\"avia_inline_auto\" id=\"style-css-av-1rbhh7-ca042b08fe78caa17405a557fb6278da\">\n#top .hr.hr-invisible.av-1rbhh7-ca042b08fe78caa17405a557fb6278da{\nheight:50px;\n}\n<\/style>\n<div  class='hr av-1rbhh7-ca042b08fe78caa17405a557fb6278da hr-invisible  avia-builder-el-4  el_before_av_one_fifth  avia-builder-el-first '><span class='hr-inner '><span class=\"hr-inner-style\"><\/span><\/span><\/div>\n<div  class='flex_column av-1mo5k3-6898def2f0e0241cac6d42cbb00b4153 av_one_fifth  avia-builder-el-5  el_after_av_hr  el_before_av_three_fifth  first flex_column_div  '     ><\/div><div  class='flex_column av-558qb-1a8a5733faba8e2e8fcb772e13494717 av_three_fifth  avia-builder-el-6  el_after_av_one_fifth  el_before_av_one_fifth  flex_column_div  '     ><style type=\"text\/css\" data-created_by=\"avia_inline_auto\" id=\"style-css-av-19wemr-7bfe3e443ba6a473886fda9bc3b15fdb\">\n.avia-image-container.av-19wemr-7bfe3e443ba6a473886fda9bc3b15fdb img.avia_image{\nbox-shadow:none;\n}\n.avia-image-container.av-19wemr-7bfe3e443ba6a473886fda9bc3b15fdb .av-image-caption-overlay-center{\ncolor:#ffffff;\n}\n<\/style>\n<div  class='avia-image-container av-19wemr-7bfe3e443ba6a473886fda9bc3b15fdb av-styling- avia-align-center  avia-builder-el-7  avia-builder-el-no-sibling '   itemprop=\"image\" itemscope=\"itemscope\" itemtype=\"https:\/\/schema.org\/ImageObject\" ><div class=\"avia-image-container-inner\"><div class=\"avia-image-overlay-wrap\"><img decoding=\"async\" fetchpriority=\"high\" class='wp-image-677 avia-img-lazy-loading-not-677 avia_image ' src=\"https:\/\/www.bbaa.uma.es\/master\/wp-content\/uploads\/2022\/08\/Profesionales-Invitados-2014-15.jpg\" alt='' title='Profesionales Invitados 2014-15'  height=\"400\" width=\"800\"  itemprop=\"thumbnailUrl\" srcset=\"https:\/\/www.bbaa.uma.es\/master\/wp-content\/uploads\/2022\/08\/Profesionales-Invitados-2014-15.jpg 800w, https:\/\/www.bbaa.uma.es\/master\/wp-content\/uploads\/2022\/08\/Profesionales-Invitados-2014-15-300x150.jpg 300w, https:\/\/www.bbaa.uma.es\/master\/wp-content\/uploads\/2022\/08\/Profesionales-Invitados-2014-15-768x384.jpg 768w, https:\/\/www.bbaa.uma.es\/master\/wp-content\/uploads\/2022\/08\/Profesionales-Invitados-2014-15-705x353.jpg 705w\" sizes=\"(max-width: 800px) 100vw, 800px\" \/><\/div><\/div><\/div><\/div><div  class='flex_column av-11dy83-ade762885f8b6a2e0565e1c4557afeac av_one_fifth  avia-builder-el-8  el_after_av_three_fifth  el_before_av_one_fifth  flex_column_div  '     ><\/div><div  class='flex_column av-yn7fv-2e524b1009e0febf42c257b1309dc854 av_one_fifth  avia-builder-el-9  el_after_av_one_fifth  el_before_av_three_fifth  first flex_column_div  column-top-margin'     ><\/div><div  class='flex_column av-s9dir-6d6e483a471c3484a3f62bf0b39787c5 av_three_fifth  avia-builder-el-10  el_after_av_one_fifth  el_before_av_one_fifth  flex_column_div  column-top-margin'     ><section  class='av_textblock_section av-nbpor-634df32c189ed0011909a0f1484009b2 '   itemscope=\"itemscope\" itemtype=\"https:\/\/schema.org\/CreativeWork\" ><div class='avia_textblock'  itemprop=\"text\" ><ul>\n<li><strong>Juan Antonio \u00c1lvarez Reyes<\/strong>. Director del Centro Andaluz de Arte Contempor\u00e1neo, cr\u00edtico de arte y comisario de exposiciones. Sevilla.<\/li>\n<li><strong>Jos\u00e9 Lebrero Stals<\/strong>. Director del Museo Picasso M\u00e1laga. Ha dirigido tambi\u00e9n el Centro Andaluz se Arte Contempor\u00e1neo, y trabajado como responsable de exposiciones en el MACBA de Barcelona.<\/li>\n<li><strong>Javier Mar\u00edn<\/strong>. Galerista, director art\u00edstico de la galer\u00eda JM de M\u00e1laga.<\/li>\n<li><strong>Juan Francisco Rueda<\/strong>. Cr\u00edtico de arte de Diario Sur y comisario de exposiciones.<\/li>\n<li><strong>Elena Vozmediano<\/strong>. Cr\u00edtica de arte, escribe semanalmente, desde 1998, en El Cultural (El Mundo), trabaj\u00f3 en revista Arte y Parte y en el Centro Galego de Arte Contempor\u00e1nea. Ha sido presidenta del IAC<\/li>\n<li><strong>Chema Cobo<\/strong>. Artista.<\/li>\n<li><strong>Carlos Aires<\/strong>. Artista.<\/li>\n<li><strong>Marcos Garc\u00eda<\/strong>. Director de medialab-prado. Madrid.<\/li>\n<\/ul>\n<\/div><\/section><\/div><div  class='flex_column av-fddtf-bbf5da10f307ce1005e55d95d10538a3 av_one_fifth  avia-builder-el-12  el_after_av_three_fifth  avia-builder-el-last  flex_column_div  column-top-margin'     ><\/div><\/div><\/div><\/div><!-- close content main div --><\/div><\/div><div id='av_section_3'  class='avia-section av-9r1v7-7f1f2b940a7c2d5efd2c027ba8d5b273 main_color avia-section-default avia-no-border-styling  avia-builder-el-13  el_after_av_section  avia-builder-el-last  avia-bg-style-scroll container_wrap sidebar_right'  ><div class='container av-section-cont-open' ><div class='template-page content  av-content-small alpha units'><div class='post-entry post-entry-type-page post-entry-675'><div class='entry-content-wrapper clearfix'><\/div><\/div><\/div><!-- close content main div --><\/div><\/div><div id='after_section_3'  class='main_color av_default_container_wrap container_wrap sidebar_right'  ><div class='container av-section-cont-open' ><div class='template-page content  av-content-small alpha units'><div class='post-entry post-entry-type-page post-entry-675'><div class='entry-content-wrapper clearfix'><\/p>\n","protected":false},"excerpt":{"rendered":"","protected":false},"author":3,"featured_media":0,"parent":0,"menu_order":0,"comment_status":"closed","ping_status":"closed","template":"","meta":{"footnotes":""},"class_list":["post-675","page","type-page","status-publish","hentry"],"_links":{"self":[{"href":"https:\/\/www.bbaa.uma.es\/master\/wp-json\/wp\/v2\/pages\/675","targetHints":{"allow":["GET"]}}],"collection":[{"href":"https:\/\/www.bbaa.uma.es\/master\/wp-json\/wp\/v2\/pages"}],"about":[{"href":"https:\/\/www.bbaa.uma.es\/master\/wp-json\/wp\/v2\/types\/page"}],"author":[{"embeddable":true,"href":"https:\/\/www.bbaa.uma.es\/master\/wp-json\/wp\/v2\/users\/3"}],"replies":[{"embeddable":true,"href":"https:\/\/www.bbaa.uma.es\/master\/wp-json\/wp\/v2\/comments?post=675"}],"version-history":[{"count":1,"href":"https:\/\/www.bbaa.uma.es\/master\/wp-json\/wp\/v2\/pages\/675\/revisions"}],"predecessor-version":[{"id":1051,"href":"https:\/\/www.bbaa.uma.es\/master\/wp-json\/wp\/v2\/pages\/675\/revisions\/1051"}],"wp:attachment":[{"href":"https:\/\/www.bbaa.uma.es\/master\/wp-json\/wp\/v2\/media?parent=675"}],"curies":[{"name":"wp","href":"https:\/\/api.w.org\/{rel}","templated":true}]}}