{"id":550,"date":"2022-08-16T10:25:51","date_gmt":"2022-08-16T10:25:51","guid":{"rendered":"http:\/\/web.testzone.ovh\/?page_id=550"},"modified":"2022-08-16T10:25:51","modified_gmt":"2022-08-16T10:25:51","slug":"docentes-invitados-2015-16","status":"publish","type":"page","link":"https:\/\/www.bbaa.uma.es\/master\/docentes-invitados\/docentes-invitados-2015-16\/","title":{"rendered":"Docentes Invitados 2015\/16"},"content":{"rendered":"\n<style type=\"text\/css\" data-created_by=\"avia_inline_auto\" id=\"style-css-av-2ik65y-f5d95f4c1b1f1deb314210f598f650f8\">\n.avia-section.av-2ik65y-f5d95f4c1b1f1deb314210f598f650f8 .av-parallax .av-parallax-inner{\nbackground-repeat:no-repeat;\nbackground-image:url(https:\/\/www.bbaa.uma.es\/master\/wp-content\/uploads\/2022\/08\/cabecera-full-1600x350-1.jpg);\nbackground-position:50% 0%;\nbackground-attachment:scroll;\n}\n.avia-section.av-2ik65y-f5d95f4c1b1f1deb314210f598f650f8 .av-section-color-overlay{\nopacity:0.4;\nbackground-color:#eaeaea;\n}\n<\/style>\n<div id='av_section_1'  class='avia-section av-2ik65y-f5d95f4c1b1f1deb314210f598f650f8 main_color avia-section-no-padding avia-no-border-styling  avia-builder-el-0  el_before_av_section  avia-builder-el-first  avia-full-contain av-parallax-section avia-bg-style-parallax av-section-color-overlay-active av-minimum-height av-minimum-height-custom av-height-custom  container_wrap sidebar_right'  data-section-bg-repeat='contain' data-av_minimum_height_px='220'><div class='av-parallax' data-avia-parallax-ratio='0.3' ><div class='av-parallax-inner main_color avia-full-contain'><\/div><\/div><div class=\"av-section-color-overlay-wrap\"><div class=\"av-section-color-overlay\"><\/div><div class='container av-section-cont-open' style='height:220px'><main  role=\"main\" itemprop=\"mainContentOfPage\"  class='template-page content  av-content-small alpha units'><div class='post-entry post-entry-type-page post-entry-550'><div class='entry-content-wrapper clearfix'>\n\n<style type=\"text\/css\" data-created_by=\"avia_inline_auto\" id=\"style-css-av-l6w10xvc-b95e4444d3e548733c92c525a7950f34\">\n#top .av-special-heading.av-l6w10xvc-b95e4444d3e548733c92c525a7950f34{\npadding-bottom:10px;\n}\nbody .av-special-heading.av-l6w10xvc-b95e4444d3e548733c92c525a7950f34 .av-special-heading-tag .heading-char{\nfont-size:25px;\n}\n.av-special-heading.av-l6w10xvc-b95e4444d3e548733c92c525a7950f34 .av-subheading{\nfont-size:15px;\n}\n<\/style>\n<div  class='av-special-heading av-l6w10xvc-b95e4444d3e548733c92c525a7950f34 av-special-heading-h2  avia-builder-el-1  avia-builder-el-no-sibling '><h2 class='av-special-heading-tag '  itemprop=\"headline\"  >Docentes Invitados 2015\/16<\/h2><div class=\"special-heading-border\"><div class=\"special-heading-inner-border\"><\/div><\/div><\/div>\n\n<\/div><\/div><\/main><!-- close content main element --><\/div><\/div><\/div><div id='av_section_2'  class='avia-section av-2fs9pq-097428cac6b0c97be0fbf55dfe7099de main_color avia-section-large avia-no-border-styling  avia-builder-el-2  el_after_av_section  el_before_av_section  avia-bg-style-scroll container_wrap sidebar_right'  ><div class='container av-section-cont-open' ><div class='template-page content  av-content-small alpha units'><div class='post-entry post-entry-type-page post-entry-550'><div class='entry-content-wrapper clearfix'>\n\n<style type=\"text\/css\" data-created_by=\"avia_inline_auto\" id=\"style-css-av-29nydy-86e09aa66123c5d541d97a445f0e8f99\">\n#top .hr.hr-invisible.av-29nydy-86e09aa66123c5d541d97a445f0e8f99{\nheight:50px;\n}\n<\/style>\n<div  class='hr av-29nydy-86e09aa66123c5d541d97a445f0e8f99 hr-invisible  avia-builder-el-3  el_before_av_one_third  avia-builder-el-first '><span class='hr-inner '><span class=\"hr-inner-style\"><\/span><\/span><\/div>\n<div  class='flex_column av-22q3se-09075be3a3bf34df0e1ec8c873ab6665 av_one_third  avia-builder-el-4  el_after_av_hr  el_before_av_two_third  first flex_column_div av-animated-generic left-to-right  '     ><style type=\"text\/css\" data-created_by=\"avia_inline_auto\" id=\"style-css-av-1vfnhi-25168452e99ca166491f67c210454968\">\n.avia-image-container.av-1vfnhi-25168452e99ca166491f67c210454968 img.avia_image{\nbox-shadow:none;\n}\n.avia-image-container.av-1vfnhi-25168452e99ca166491f67c210454968 .av-image-caption-overlay-center{\ncolor:#ffffff;\n}\n<\/style>\n<div  class='avia-image-container av-1vfnhi-25168452e99ca166491f67c210454968 av-styling- avia-align-center  avia-builder-el-5  avia-builder-el-no-sibling '   itemprop=\"image\" itemscope=\"itemscope\" itemtype=\"https:\/\/schema.org\/ImageObject\" ><div class=\"avia-image-container-inner\"><div class=\"avia-image-overlay-wrap\"><img decoding=\"async\" fetchpriority=\"high\" class='wp-image-553 avia-img-lazy-loading-not-553 avia_image ' src=\"https:\/\/www.bbaa.uma.es\/master\/wp-content\/uploads\/2022\/08\/Miguel-A\u0301lvarez-Ferna\u0301ndez-495x400.jpg\" alt='' title='Miguel A\u0301lvarez Ferna\u0301ndez'  height=\"400\" width=\"495\"  itemprop=\"thumbnailUrl\"  \/><\/div><\/div><\/div><\/div>\n<style type=\"text\/css\" data-created_by=\"avia_inline_auto\" id=\"style-css-av-1ot6ly-49d17d12050c5c756890b7286932eeef\">\n.flex_column.av-1ot6ly-49d17d12050c5c756890b7286932eeef{\nborder-width:1px;\nborder-style:solid;\nborder-radius:3px 3px 3px 3px;\npadding:15px 15px 10px 25px;\n}\n<\/style>\n<div  class='flex_column av-1ot6ly-49d17d12050c5c756890b7286932eeef av_two_third  avia-builder-el-6  el_after_av_one_third  avia-builder-el-last  flex_column_div av-animated-generic bottom-to-top  '     ><section  class='av_textblock_section av-1ka50e-8e85fac4a427d7bec50ec88f2caa7a3c '   itemscope=\"itemscope\" itemtype=\"https:\/\/schema.org\/CreativeWork\" ><div class='avia_textblock'  itemprop=\"text\" ><p class=\"nombre-docentes-invitados\">Miguel \u00c1lvarez Fern\u00e1ndez<\/p>\n<\/div><\/section><br \/>\n<section  class='av_textblock_section av-1ffyy6-9db55e78310fea59ee357455b61e3548 '   itemscope=\"itemscope\" itemtype=\"https:\/\/schema.org\/CreativeWork\" ><div class='avia_textblock'  itemprop=\"text\" ><p>Compositor, artista sonoro, te\u00f3rico y comisario de proyectos de arte sonoro.<\/p>\n<p>Es profesor de estas materias en el Grado en Composici\u00f3n Musical de la Universidad Europea de Madrid, y tambi\u00e9n ha impartido docencia en la Universidad de Oviedo, la Universidad T\u00e9cnica (TU) de Berl\u00edn y la Universidad de Nueva York (NYU). Desde 2008 dirige, en Radio Cl\u00e1sica \/ Radio Nacional de Espa\u00f1a, el programa semanal <a href=\"http:\/\/www.rtve.es\/alacarta\/audios\/ars-sonora\/\" target=\"_blank\" rel=\"noopener\">Ars Sonora<\/a>.<\/p>\n<p>Forma parte de la junta directiva de la Asociaci\u00f3n de M\u00fasica Electroac\u00fastica de Espa\u00f1a (AMEE). Ha comisariado iniciativas como \u201cItinerarios del sonido\u201d (http:\/\/www.itinerariosdelsonido.es\/, en diversos espacios p\u00fablicos de Madrid), \u201cOffener Klang \/ Sonido Abierto\u201d (en el Instituto Cervantes de Berl\u00edn), \u201cSON\u201d (en el Auditorio Nacional de M\u00fasica de Madrid) o \u201cSound-In\u201d (en el contexto de la Feria de Arte M\u00faltiple Estampa, en Matadero Madrid). Tambi\u00e9n ha dirigido, en colaboraci\u00f3n con Luis Deltell, el largometraje documental \u201cNo escribir\u00e9 arte con may\u00fascula\u201d, dedicado a Isidoro Valc\u00e1rcel Medina y estrenado en 2015 dentro del Festival Punto de Vista de Pamplona.<\/p>\n<\/div><\/section><\/p><\/div>\n\n<\/div><\/div><\/div><!-- close content main div --><\/div><\/div><div id='av_section_3'  class='avia-section av-4gahi-3c6a520f031fd165c25e76a05acfd9cf main_color avia-section-large avia-no-border-styling  avia-builder-el-9  el_after_av_section  el_before_av_section  avia-bg-style-scroll container_wrap sidebar_right'  ><div class='container av-section-cont-open' ><div class='template-page content  av-content-small alpha units'><div class='post-entry post-entry-type-page post-entry-550'><div class='entry-content-wrapper clearfix'>\n<div  class='flex_column av-14p2pi-a450cc9f1ddf0a163569fb5a374cb910 av_one_third  avia-builder-el-10  el_before_av_two_third  avia-builder-el-first  first flex_column_div av-animated-generic left-to-right  '     ><style type=\"text\/css\" data-created_by=\"avia_inline_auto\" id=\"style-css-av-yqfuu-4ca25206cb3e5260b3b183987c684c86\">\n.avia-image-container.av-yqfuu-4ca25206cb3e5260b3b183987c684c86 img.avia_image{\nbox-shadow:none;\n}\n.avia-image-container.av-yqfuu-4ca25206cb3e5260b3b183987c684c86 .av-image-caption-overlay-center{\ncolor:#ffffff;\n}\n<\/style>\n<div  class='avia-image-container av-yqfuu-4ca25206cb3e5260b3b183987c684c86 av-styling- avia_animated_image av-animated-when-visible-95 left-to-right avia-align-center  avia-builder-el-11  avia-builder-el-no-sibling '   itemprop=\"image\" itemscope=\"itemscope\" itemtype=\"https:\/\/schema.org\/ImageObject\" ><div class=\"avia-image-container-inner\"><div class=\"avia-image-overlay-wrap\"><img decoding=\"async\" fetchpriority=\"high\" class='wp-image-555 avia-img-lazy-loading-not-555 avia_image ' src=\"https:\/\/www.bbaa.uma.es\/master\/wp-content\/uploads\/2022\/08\/Javier-Codesal-495x400.jpg\" alt='' title='Javier Codesal'  height=\"400\" width=\"495\"  itemprop=\"thumbnailUrl\" srcset=\"https:\/\/www.bbaa.uma.es\/master\/wp-content\/uploads\/2022\/08\/Javier-Codesal-495x400.jpg 495w, https:\/\/www.bbaa.uma.es\/master\/wp-content\/uploads\/2022\/08\/Javier-Codesal-845x684.jpg 845w\" sizes=\"(max-width: 495px) 100vw, 495px\" \/><\/div><\/div><\/div><\/div>\n<style type=\"text\/css\" data-created_by=\"avia_inline_auto\" id=\"style-css-av-2wzqu-f06cced366ed9987f03d2406240e4043\">\n.flex_column.av-2wzqu-f06cced366ed9987f03d2406240e4043{\nborder-width:1px;\nborder-style:solid;\nborder-radius:3px 3px 3px 3px;\npadding:15px 15px 10px 25px;\n}\n<\/style>\n<div  class='flex_column av-2wzqu-f06cced366ed9987f03d2406240e4043 av_two_third  avia-builder-el-12  el_after_av_one_third  avia-builder-el-last  flex_column_div av-animated-generic bottom-to-top  '     ><section  class='av_textblock_section av-ilyha-d9e7db82e3937cf9872d07cb6f646442 '   itemscope=\"itemscope\" itemtype=\"https:\/\/schema.org\/CreativeWork\" ><div class='avia_textblock'  itemprop=\"text\" ><p class=\"nombre-docentes-invitados\">Javier Codesal<\/p>\n<\/div><\/section><br \/>\n<section  class='av_textblock_section av-dh6h2-6e9c42c4fd6471bf51a611e7b7a70fb6 '   itemscope=\"itemscope\" itemtype=\"https:\/\/schema.org\/CreativeWork\" ><div class='avia_textblock'  itemprop=\"text\" ><p>Artista visual y poeta. Su obra comprende fotograf\u00edas, instalaciones, v\u00eddeos y cortometrajes. Su obra individual ha sido expuesta a nivel nacional e internacional.<\/p>\n<p>Diputaci\u00f3n Provincial de Huesca (Huesca, 2005), Galer\u00eda Estrany \u2013 de la Mota (Barcelona, 2004), MUA (Alicante, 2003), Sala Imagen (Sevilla, 2002), El Roser (Lleida, 2002), Palacio de Abrantes (Salamanca, 2000), Espacio Uno del MNCARS (Madrid, 1999). Entre sus \u00faltimas exposiciones colectivas: Dual. Tr\u00e0nsits i encreuaments per la hist\u00f2ria de l\u00b4art, Centre d\u00b4art La Panera (Lleida, 2005); Cuaderno de viaje, Museo Pablo Serrano (Zaragoza, 2005); Desplazamientos, Caja San Fernando (Sevilla, 2004); Paisatges despr\u00e9s de la batalla, Centre d\u00b4art La Panera, (Lleida, 2004); `Ficcions\u00b4 documentals, CaixaForum (Barcelona, 2004); Gestes, Printemps de septembre, Ecole des beaux-arts (Toulouse, 2003); Pantalles Sensibles, Vieoart dels anys 90, Fundaci\u00f3n \u201cLa Caixa\u201d (Lleida y Girona, 2002). BIDA 2001, Bienal Internacional del Deporte en el Arte (Valencia, 2001); A cuerpo, Galer\u00eda Luis Adelantado (Valencia, 2000); Between the skin and the distance, Salvador Dal\u00ed Museum (St. Petersburg, Florida,1999).<\/p>\n<p>Ha publicado los libros de poes\u00eda Ha nacido Manuel (Icaria, Barcelona, 2005), Feliz humo (Centro Municipal Puertas de Castilla, Murcia, 2005) e Imagen de Ca\u00edn (Icaria, Barcelona, 2002).<\/p>\n<\/div><\/section><\/p><\/div>\n\n<\/div><\/div><\/div><!-- close content main div --><\/div><\/div><div id='av_section_4'  class='avia-section av-131wb2-2db78d0e72b4b33156e17037af9bf947 main_color avia-section-large avia-no-border-styling  avia-builder-el-15  el_after_av_section  el_before_av_section  avia-bg-style-scroll container_wrap sidebar_right'  ><div class='container av-section-cont-open' ><div class='template-page content  av-content-small alpha units'><div class='post-entry post-entry-type-page post-entry-550'><div class='entry-content-wrapper clearfix'>\n<div  class='flex_column av-y9yhq-f56705fda375c1d7f4bef047a2e89651 av_one_third  avia-builder-el-16  el_before_av_two_third  avia-builder-el-first  first flex_column_div av-animated-generic left-to-right  '     ><style type=\"text\/css\" data-created_by=\"avia_inline_auto\" id=\"style-css-av-srfvy-0ae5429277378da0f44027c7a563fdbb\">\n.avia-image-container.av-srfvy-0ae5429277378da0f44027c7a563fdbb img.avia_image{\nbox-shadow:none;\n}\n.avia-image-container.av-srfvy-0ae5429277378da0f44027c7a563fdbb .av-image-caption-overlay-center{\ncolor:#ffffff;\n}\n<\/style>\n<div  class='avia-image-container av-srfvy-0ae5429277378da0f44027c7a563fdbb av-styling- avia_animated_image av-animated-when-visible-95 left-to-right avia-align-center  avia-builder-el-17  avia-builder-el-no-sibling '   itemprop=\"image\" itemscope=\"itemscope\" itemtype=\"https:\/\/schema.org\/ImageObject\" ><div class=\"avia-image-container-inner\"><div class=\"avia-image-overlay-wrap\"><img decoding=\"async\" fetchpriority=\"high\" class='wp-image-557 avia-img-lazy-loading-not-557 avia_image ' src=\"https:\/\/www.bbaa.uma.es\/master\/wp-content\/uploads\/2022\/08\/Pablo-Espana-357x430.jpg\" alt='' title='Pablo Espa\u00f1a'  height=\"430\" width=\"357\"  itemprop=\"thumbnailUrl\"  \/><\/div><\/div><\/div><\/div>\n<style type=\"text\/css\" data-created_by=\"avia_inline_auto\" id=\"style-css-av-mkeke-ff412a11df020caa68a063a615ea1cc3\">\n.flex_column.av-mkeke-ff412a11df020caa68a063a615ea1cc3{\nborder-width:1px;\nborder-style:solid;\nborder-radius:3px 3px 3px 3px;\npadding:15px 15px 10px 25px;\n}\n<\/style>\n<div  class='flex_column av-mkeke-ff412a11df020caa68a063a615ea1cc3 av_two_third  avia-builder-el-18  el_after_av_one_third  avia-builder-el-last  flex_column_div av-animated-generic bottom-to-top  '     ><section  class='av_textblock_section av-do7k6-7bcfa1875173dd5cfacb82c90ae8dc78 '   itemscope=\"itemscope\" itemtype=\"https:\/\/schema.org\/CreativeWork\" ><div class='avia_textblock'  itemprop=\"text\" ><p class=\"nombre-docentes-invitados\">Pablo Espa\u00f1a<\/p>\n<\/div><\/section><br \/>\n<section  class='av_textblock_section av-bgv2u-5cf6a23e5e46b005d75955a4d2a5ee8c '   itemscope=\"itemscope\" itemtype=\"https:\/\/schema.org\/CreativeWork\" ><div class='avia_textblock'  itemprop=\"text\" ><p>La opci\u00f3n del trabajo en grupo responde a la intenci\u00f3n de abordar una pr\u00e1ctica art\u00edstica centrada en la discusi\u00f3n y el enfrentamiento de ideas y formas de acci\u00f3n. El mismo hecho de trabajar en grupo fija un inter\u00e9s de intervenci\u00f3n en el \u00e1mbito de lo social, a trav\u00e9s de planteamientos comprometidos con lo real.<\/p>\n<p>Los proyectos responden a una preocupaci\u00f3n sobre la progresiva escenificaci\u00f3n de los \u00e1mbitos de convivencia; visible, no s\u00f3lo en la importancia, cada vez mayor, de la imagen, sino tambi\u00e9n en la paulatina incorporaci\u00f3n del simulacro a diversos campos de la vida cotidiana, tales como la pol\u00edtica, la tecnolog\u00eda o la cultura. Democracia trabaja tambi\u00e9n en la edici\u00f3n (son directores de la revista Nolens Volens) y en el comisariado (No Futuro, Madrid Abierto 2008, Creador de Due\u00f1os, Arte \u00datil). Fueron fundadores y miembros del colectivo El Perro (1989-2006).<\/p>\n<p>(DEMOCRACIA: Equipo de trabajo formado en Madrid por Iv\u00e1n L\u00f3pez y Pablo Espa\u00f1a)<\/p>\n<p><a href=\"http:\/\/www.democracia.com.es\/\" target=\"_blank\" rel=\"noopener\">http:\/\/www.democracia.com.es\/<\/a><\/p>\n<\/div><\/section><\/p><\/div><\/div><\/div><\/div><!-- close content main div --><\/div><\/div><div id='av_section_5'  class='avia-section av-av_section-05206848b078a6f0d4e991b4f556c241 main_color avia-section-large avia-no-border-styling  avia-builder-el-21  el_after_av_section  el_before_av_section  avia-bg-style-scroll container_wrap sidebar_right'  ><div class='container av-section-cont-open' ><div class='template-page content  av-content-small alpha units'><div class='post-entry post-entry-type-page post-entry-550'><div class='entry-content-wrapper clearfix'>\n<div  class='flex_column av-av_one_third-ae633bc535ed9efd65de27bb635d8e85 av_one_third  avia-builder-el-22  el_before_av_two_third  avia-builder-el-first  first flex_column_div av-animated-generic left-to-right  '     ><style type=\"text\/css\" data-created_by=\"avia_inline_auto\" id=\"style-css-av-l6w1hcp4-6f5b8e9a50fd5a193163c5eaeb1292c8\">\n.avia-image-container.av-l6w1hcp4-6f5b8e9a50fd5a193163c5eaeb1292c8 img.avia_image{\nbox-shadow:none;\n}\n.avia-image-container.av-l6w1hcp4-6f5b8e9a50fd5a193163c5eaeb1292c8 .av-image-caption-overlay-center{\ncolor:#ffffff;\n}\n<\/style>\n<div  class='avia-image-container av-l6w1hcp4-6f5b8e9a50fd5a193163c5eaeb1292c8 av-styling- avia_animated_image av-animated-when-visible-95 left-to-right avia-align-center  avia-builder-el-23  avia-builder-el-no-sibling '   itemprop=\"image\" itemscope=\"itemscope\" itemtype=\"https:\/\/schema.org\/ImageObject\" ><div class=\"avia-image-container-inner\"><div class=\"avia-image-overlay-wrap\"><img decoding=\"async\" fetchpriority=\"high\" class='wp-image-558 avia-img-lazy-loading-not-558 avia_image ' src=\"https:\/\/www.bbaa.uma.es\/master\/wp-content\/uploads\/2022\/08\/Mari\u0301a-Jose\u0301-Marti\u0301nez-de-Piso\u0301n-495x400.jpg\" alt='' title='Mari\u0301a Jose\u0301 Marti\u0301nez de Piso\u0301n'  height=\"400\" width=\"495\"  itemprop=\"thumbnailUrl\"  \/><\/div><\/div><\/div><\/div>\n<style type=\"text\/css\" data-created_by=\"avia_inline_auto\" id=\"style-css-av-av_two_third-cd695ba0a85d702005f172ad79b08d28\">\n.flex_column.av-av_two_third-cd695ba0a85d702005f172ad79b08d28{\nborder-width:1px;\nborder-style:solid;\nborder-radius:3px 3px 3px 3px;\npadding:15px 15px 10px 25px;\n}\n<\/style>\n<div  class='flex_column av-av_two_third-cd695ba0a85d702005f172ad79b08d28 av_two_third  avia-builder-el-24  el_after_av_one_third  avia-builder-el-last  flex_column_div av-animated-generic bottom-to-top  '     ><section  class='av_textblock_section av-l6w1dtpf-d14e3f65f80b3cba1323d45b82b50474 '   itemscope=\"itemscope\" itemtype=\"https:\/\/schema.org\/CreativeWork\" ><div class='avia_textblock'  itemprop=\"text\" ><p class=\"nombre-docentes-invitados\">Mar\u00eda Jos\u00e9 Mart\u00ednez de Pis\u00f3n Ram\u00f3n<\/p>\n<\/div><\/section><br \/>\n<section  class='av_textblock_section av-l6w1f2r1-eee695bfb110d4b8d2913dda406db673 '   itemscope=\"itemscope\" itemtype=\"https:\/\/schema.org\/CreativeWork\" ><div class='avia_textblock'  itemprop=\"text\" ><p>Profesora titular de Universidad adscrita al Departamento de Pintura de la Universidad Polit\u00e9cnica de valencia y Directora del grupo de investigaci\u00f3n Laboratorio de Luz UPV de 1990 a 2013 http:\/\/laboluz.webs.upv.es\/laboluz\/<\/p>\n<p>Miembro fundador del espacio h\u00edbrido hackLab Plut\u00f3n.cc. General Chair en el 2\u00ba Congreso Internacional Arte, Ciencia Ciudad.<\/p>\n<\/div><\/section><\/p><\/div><\/div><\/div><\/div><!-- close content main div --><\/div><\/div><div id='av_section_6'  class='avia-section av-6y5tq-0789784d242c6a32cd5c7846f0e1f9b5 main_color avia-section-default avia-no-border-styling  avia-builder-el-27  el_after_av_section  avia-builder-el-last  avia-bg-style-scroll container_wrap sidebar_right'  ><div class='container av-section-cont-open' ><div class='template-page content  av-content-small alpha units'><div class='post-entry post-entry-type-page post-entry-550'><div class='entry-content-wrapper clearfix'><\/div><\/div><\/div><!-- close content main div --><\/div><\/div><div id='after_section_6'  class='main_color av_default_container_wrap container_wrap sidebar_right'  ><div class='container av-section-cont-open' ><div class='template-page content  av-content-small alpha units'><div class='post-entry post-entry-type-page post-entry-550'><div class='entry-content-wrapper clearfix'><\/p>\n","protected":false},"excerpt":{"rendered":"","protected":false},"author":3,"featured_media":0,"parent":96,"menu_order":0,"comment_status":"closed","ping_status":"closed","template":"","meta":{"footnotes":""},"class_list":["post-550","page","type-page","status-publish","hentry"],"_links":{"self":[{"href":"https:\/\/www.bbaa.uma.es\/master\/wp-json\/wp\/v2\/pages\/550","targetHints":{"allow":["GET"]}}],"collection":[{"href":"https:\/\/www.bbaa.uma.es\/master\/wp-json\/wp\/v2\/pages"}],"about":[{"href":"https:\/\/www.bbaa.uma.es\/master\/wp-json\/wp\/v2\/types\/page"}],"author":[{"embeddable":true,"href":"https:\/\/www.bbaa.uma.es\/master\/wp-json\/wp\/v2\/users\/3"}],"replies":[{"embeddable":true,"href":"https:\/\/www.bbaa.uma.es\/master\/wp-json\/wp\/v2\/comments?post=550"}],"version-history":[{"count":0,"href":"https:\/\/www.bbaa.uma.es\/master\/wp-json\/wp\/v2\/pages\/550\/revisions"}],"up":[{"embeddable":true,"href":"https:\/\/www.bbaa.uma.es\/master\/wp-json\/wp\/v2\/pages\/96"}],"wp:attachment":[{"href":"https:\/\/www.bbaa.uma.es\/master\/wp-json\/wp\/v2\/media?parent=550"}],"curies":[{"name":"wp","href":"https:\/\/api.w.org\/{rel}","templated":true}]}}