{"id":1574,"date":"2022-01-11T13:28:13","date_gmt":"2022-01-11T12:28:13","guid":{"rendered":"https:\/\/www.bbaa.uma.es\/bellasartes\/?page_id=1574"},"modified":"2023-06-15T13:12:49","modified_gmt":"2023-06-15T11:12:49","slug":"proyectos-de-investigacion","status":"publish","type":"page","link":"https:\/\/www.bbaa.uma.es\/bellasartes\/investigacion-y-difusion\/proyectos-de-investigacion\/","title":{"rendered":"Proyectos de Investigaci\u00f3n"},"content":{"rendered":"\n<style type=\"text\/css\" data-created_by=\"avia_inline_auto\" id=\"style-css-av-a7wmrq-29dccd27e97d10f50faf7485342d29d4\">\n.avia-section.av-a7wmrq-29dccd27e97d10f50faf7485342d29d4{\nbackground-repeat:no-repeat;\nbackground-image:url(https:\/\/www.bbaa.uma.es\/bellasartes\/wp-content\/uploads\/2020\/12\/fondo-cabeceras-b.jpg);\nbackground-position:0% 0%;\nbackground-attachment:fixed;\n}\n.avia-section.av-a7wmrq-29dccd27e97d10f50faf7485342d29d4 .av-section-color-overlay{\nopacity:0.7;\nbackground-color:#ffffff;\n}\n<\/style>\n<div id='av_section_1'  class='avia-section av-a7wmrq-29dccd27e97d10f50faf7485342d29d4 main_color avia-section-default avia-no-border-styling  avia-builder-el-0  el_before_av_section  avia-builder-el-first  avia-full-contain avia-bg-style-fixed av-section-color-overlay-active container_wrap sidebar_right'  data-section-bg-repeat='contain'><div class=\"av-section-color-overlay-wrap\"><div class=\"av-section-color-overlay\"><\/div><div class='container av-section-cont-open' ><main  role=\"main\" itemprop=\"mainContentOfPage\"  class='template-page content  av-content-small alpha units'><div class='post-entry post-entry-type-page post-entry-1574'><div class='entry-content-wrapper clearfix'>\n\n<style type=\"text\/css\" data-created_by=\"avia_inline_auto\" id=\"style-css-av-kya37gsv-8f5ca5f282c1f38485077f2423a76f50\">\n#top .av-special-heading.av-kya37gsv-8f5ca5f282c1f38485077f2423a76f50{\npadding-bottom:10px;\n}\nbody .av-special-heading.av-kya37gsv-8f5ca5f282c1f38485077f2423a76f50 .av-special-heading-tag .heading-char{\nfont-size:25px;\n}\n.av-special-heading.av-kya37gsv-8f5ca5f282c1f38485077f2423a76f50 .av-subheading{\nfont-size:15px;\n}\n<\/style>\n<div  class='av-special-heading av-kya37gsv-8f5ca5f282c1f38485077f2423a76f50 av-special-heading-h2  avia-builder-el-1  avia-builder-el-no-sibling '><h2 class='av-special-heading-tag '  itemprop=\"headline\"  >Proyectos de Investigaci\u00f3n<\/h2><div class=\"special-heading-border\"><div class=\"special-heading-inner-border\"><\/div><\/div><\/div>\n\n<\/div><\/div><\/main><!-- close content main element --><\/div><\/div><\/div><div id='av_section_2'  class='avia-section av-9kuq86-6857f4f3c72c93501c2d08636fc03f7e main_color avia-section-default avia-no-border-styling  avia-builder-el-2  el_after_av_section  avia-builder-el-last  avia-bg-style-parallax container_wrap sidebar_right'  ><div class='container av-section-cont-open' ><div class='template-page content  av-content-small alpha units'><div class='post-entry post-entry-type-page post-entry-1574'><div class='entry-content-wrapper clearfix'>\n<div  class='flex_column av-7h1e1y-70d6be9c967578963f64ba9657c956b4 av_one_fifth  avia-builder-el-3  el_before_av_three_fifth  avia-builder-el-first  first flex_column_div  '     ><\/div><div  class='flex_column av-nespy-7ecbf3a7ef7be245c9385924009e3c5f av_three_fifth  avia-builder-el-4  el_after_av_one_fifth  el_before_av_one_fifth  flex_column_div av-animated-generic bottom-to-top  '     ><section  class='av_textblock_section av-kya39uc5-7cd70ba77053ed8b2279f626c4493fbc '   itemscope=\"itemscope\" itemtype=\"https:\/\/schema.org\/CreativeWork\" ><div class='avia_textblock'  itemprop=\"text\" ><ul>\n<li><strong>Aplicaciones art\u00edsticas de las Tecnolog\u00edas de corte L\u00e1ser digital a la producci\u00f3n de obra gr\u00e1fica contempor\u00e1nea.<\/strong><br \/>\nProyecto de investigaci\u00f3n del programa B4: Ayudas para Proyectos Puente en la Universidad de M\u00e1laga. Desde 2021 hasta la actualidad. IP: Salvador Haro Gonz\u00e1lez.<\/li>\n<\/ul>\n<ul>\n<li><strong>Indicadores Intangibles del paisaje urbano mediante Ulpaes (Urban Landscape Artistic Perception Expert System) implementados mediante realidades mixtas.<\/strong><br \/>\nProyecto de investigaci\u00f3n del programa B4: Ayudas para Proyectos Puente en la Universidad de M\u00e1laga. Desde 2021 hasta la actualidad. IP: Jes\u00fas Mar\u00edn Clavijo.<\/li>\n<\/ul>\n<ul>\n<li><strong>ARTEFACTO SOCIAL (3\u00aa edici\u00f3n). Estrategias de creacio\u0301n colectiva para la transformacio\u0301n social.<\/strong><br \/>\nProyecto apoyado por el programa Key-Project de ayudas para la ejecuci\u00f3n de acciones formativas en la que los estudiantes se ven involucrados en equipos de trabajo tutorizados para el desarrollo de soluciones para problemas planteados en el mundo real. Impulsado por el Vicerrectorado de Innovaci\u00f3n Social y Emprendimiento. Desde 2020 hasta la actualidad. IP: Eugenio Rivas Herencia<br \/>\nEnlaces: <a href=\"https:\/\/www.link.uma.es\/proyectos-k-project\/\">https:\/\/www.link.uma.es\/proyectos-k-project\/<\/a><br \/>\n<a href=\"http:\/\/www.artefactosocial.com\/\">http:\/\/www.artefactosocial.com\/<\/a><\/li>\n<\/ul>\n<ul>\n<li><strong>ERGONOARTE: El cuerpo expandido. Inclusi\u00f3n y adaptaci\u00f3n desde las Bellas Artes.<\/strong><br \/>\nProyecto apoyado por el programa Key-Project de ayudas para la ejecuci\u00f3n de acciones formativas en la que los estudiantes se ven involucrados en equipos de trabajo tutorizados para el desarrollo de soluciones para problemas planteados en el mundo real. Impulsado por el Vicerrectorado de Innovaci\u00f3n Social y Emprendimiento. Desde 2022 hasta la actualidad. IP: Silvia L\u00f3pez Rodr\u00edguez y Jes\u00fas Mar\u00edn Clavijo<br \/>\nEnlace: <a href=\"https:\/\/www.link.uma.es\/proyectos-k-project\/\">https:\/\/www.link.uma.es\/proyectos-k-project\/<\/a><\/li>\n<\/ul>\n<ul>\n<li style=\"margin-bottom: 1.5em;\"><span style=\"font-weight: 400;\"><strong>An\u00e1lisis de Big-Data aplicado al estudio de la cer\u00e1mica de Picasso.<\/strong><br \/>\nProyecto B3 y Puente del Plan Propio de Investigaci\u00f3n de la Universidad de M\u00e1laga, 2018-2020, 2020-2022. IP: Salvador Haro Gonz\u00e1lez.<br \/>\n<\/span><\/li>\n<li style=\"margin-bottom: 1.5em;\"><span style=\"font-weight: 400;\"><strong>La escultura como interfaz hist\u00f3rico de luz s\u00f3lida<\/strong>.<br \/>\nPlan Propio de Investigaci\u00f3n. Universidad de M\u00e1laga. Proyecto Precompetitivo (Modalidad B.3). 2018-2020. IP: Jes\u00fas Mar\u00edn Clavijo.<br \/>\n<\/span><\/li>\n<li style=\"margin-bottom: 1.5em;\"><span style=\"font-weight: 400;\"><strong>Audiovisual y performance: observatorio de tecnolog\u00eda audiovisual para espect\u00e1culos esc\u00e9nicos.<\/strong><br \/>\nPlan Propio de Investigaci\u00f3n. Universidad de M\u00e1laga. 2017-2019. IP: Jos\u00e9 V. Iranzo Benito.<br \/>\n<\/span><\/li>\n<li style=\"margin-bottom: 1.5em;\"><span style=\"font-weight: 400;\"><strong>Estudio y puesta en valor de la docencia de la Escenografi\u0301a en las universidades espan\u0303olas mediante un SEES (Scenography Education Expert System) y su implementacio\u0301n con nuevas tecnologi\u0301as.<\/strong><br \/>\nPlan Propio de Investigacio\u0301n de la Universidad de Ma\u0301laga, 2017-2018. IP: Silvia L\u00f3pez Rodr\u00edguez.<br \/>\n<\/span><\/li>\n<li style=\"margin-bottom: 1.5em;\"><span style=\"font-weight: 400;\"><strong>Ana\u0301lisis de la docencia universitaria espan\u0303ola en el campo de la Escenografi\u0301a contempora\u0301nea y la creacio\u0301n de espacios escenogra\u0301ficos.<\/strong><br \/>\nCo\u0301digo: P2017-01420. Plan Propio de Investigacio\u0301n de la Universidad de Ma\u0301laga, 2016-2017. IP: Silvia L\u00f3pez Rodr\u00edguez.<br \/>\n<\/span><\/li>\n<li style=\"margin-bottom: 1.5em;\"><span style=\"font-weight: 400;\"><strong>Catalogaci\u00f3n y an\u00e1lisis de la multiplicidad en los procesos de edici\u00f3n de la cer\u00e1mica de Picasso. Estrategias, bases de datos, prototipado y modelos de utilidad<\/strong>.<br \/>\nPlan Propio de Investigaci\u00f3n. Universidad de M\u00e1laga. Proyecto Puente. 2015. IP: Salvador Haro Gonz\u00e1lez.<br \/>\n<\/span><\/li>\n<li style=\"margin-bottom: 1.5em;\"><span style=\"font-weight: 400;\"><strong>Pablo Picasso y el proceso de creaci\u00f3n. Plan Propio de Investigaci\u00f3n.<\/strong><br \/>\nUniversidad de M\u00e1laga. 2011-2012. IP: Salvador Haro Gonz\u00e1lez.<br \/>\n<\/span><\/li>\n<li style=\"margin-bottom: 1.5em;\"><span style=\"font-weight: 400; margin-bottom: 1em;\"><strong>Arte de acci\u00f3n y mecanismos y convocatorias electorales<\/strong>.<br \/>\nProyecto Precompetitivo. Departamento de Creaci\u00f3n Art\u00edstica y Teor\u00eda de las Artes. Universidad Europea de Madrid \/ Departamento de Historia del Arte. Universidad de M\u00e1laga. 2007-2008. IP: Joaqu\u00edn Ivars Pineda.<br \/>\n<\/span><\/li>\n<\/ul>\n<\/div><\/section><br \/>\n\n<style type=\"text\/css\" data-created_by=\"avia_inline_auto\" id=\"style-css-av-4hfi6e-19525315b92f6bc4612feebf7f7fdb6a\">\n#top .hr.hr-invisible.av-4hfi6e-19525315b92f6bc4612feebf7f7fdb6a{\nheight:60px;\n}\n<\/style>\n<div  class='hr av-4hfi6e-19525315b92f6bc4612feebf7f7fdb6a hr-invisible  avia-builder-el-6  el_after_av_textblock  avia-builder-el-last '><span class='hr-inner '><span class=\"hr-inner-style\"><\/span><\/span><\/div><\/p><\/div><div  class='flex_column av-2wrgti-f66d7049951d47961d54cd7c51f4f512 av_one_fifth  avia-builder-el-7  el_after_av_three_fifth  avia-builder-el-last  flex_column_div  '     ><\/div><\/div><\/div><\/div><!-- close content main div --><\/div><\/div><div id='after_section_2'  class='main_color av_default_container_wrap container_wrap sidebar_right'  ><div class='container av-section-cont-open' ><div class='template-page content  av-content-small alpha units'><div class='post-entry post-entry-type-page post-entry-1574'><div class='entry-content-wrapper clearfix'>\n","protected":false},"excerpt":{"rendered":"","protected":false},"author":1,"featured_media":0,"parent":777,"menu_order":0,"comment_status":"closed","ping_status":"closed","template":"","meta":{"footnotes":""},"class_list":["post-1574","page","type-page","status-publish","hentry"],"_links":{"self":[{"href":"https:\/\/www.bbaa.uma.es\/bellasartes\/wp-json\/wp\/v2\/pages\/1574","targetHints":{"allow":["GET"]}}],"collection":[{"href":"https:\/\/www.bbaa.uma.es\/bellasartes\/wp-json\/wp\/v2\/pages"}],"about":[{"href":"https:\/\/www.bbaa.uma.es\/bellasartes\/wp-json\/wp\/v2\/types\/page"}],"author":[{"embeddable":true,"href":"https:\/\/www.bbaa.uma.es\/bellasartes\/wp-json\/wp\/v2\/users\/1"}],"replies":[{"embeddable":true,"href":"https:\/\/www.bbaa.uma.es\/bellasartes\/wp-json\/wp\/v2\/comments?post=1574"}],"version-history":[{"count":5,"href":"https:\/\/www.bbaa.uma.es\/bellasartes\/wp-json\/wp\/v2\/pages\/1574\/revisions"}],"predecessor-version":[{"id":2171,"href":"https:\/\/www.bbaa.uma.es\/bellasartes\/wp-json\/wp\/v2\/pages\/1574\/revisions\/2171"}],"up":[{"embeddable":true,"href":"https:\/\/www.bbaa.uma.es\/bellasartes\/wp-json\/wp\/v2\/pages\/777"}],"wp:attachment":[{"href":"https:\/\/www.bbaa.uma.es\/bellasartes\/wp-json\/wp\/v2\/media?parent=1574"}],"curies":[{"name":"wp","href":"https:\/\/api.w.org\/{rel}","templated":true}]}}